*h**2 + 35*h + 53. What is l(-16)?
5
Let h(n) = -232*n + 8800. Give h(38).
-16
Let a(t) = 6*t**2 + 393*t - 361. Calculate a(-68).
659
Let k(h) = -2595*h + 7779. What is k(3)?
-6
Let y(v) = v**3 + 31*v**2 - 37*v - 175. Give y(-32).
-15
Let q(l) = -10*l**3 + 39*l**2 + 7*l - 11. Determine q(4).
1
Let d(p) = -2*p**2 + 1891*p - 11355. What is d(6)?
-81
Let x(n) = -n**3 + 21*n**2 - 3*n - 431. Calculate x(20).
-91
Let q(r) = -2*r**3 - 29*r**2 + 40*r - 134. What is q(-16)?
-6
Let w(v) = -45*v - 628. What is w(-14)?
2
Let v(f) = 477*f + 7638. What is v(-16)?
6
Let m(k) = -k**3 - 4*k**2 - 472*k - 3365. Determine m(-7).
86
Let u(o) = -22*o - 266. Calculate u(-10).
-46
Let r(v) = v**3 + 16*v**2 - 82*v - 18. Give r(-20).
22
Let d(g) = 43*g - 1442. Give d(34).
20
Let h(j) = -228*j - 1591. What is h(-7)?
5
Let h(p) = p**3 + 16*p**2 + 12*p - 54. Give h(-16).
-246
Let s(u) = 2154*u + 6505. Determine s(-3).
43
Let h(s) = 25*s - 1050. What is h(42)?
0
Let q(t) = t**3 + 15*t**2 + 33*t + 25. Determine q(-13).
-66
Let r(m) = -m**2 + 121*m - 2568. What is r(27)?
-30
Let u(p) = p**2 - 19*p + 19. Calculate u(13).
-59
Let p(s) = s**3 - 32*s**2 - 92*s + 2952. Calculate p(32).
8
Let l(b) = 1682*b + 8433. Calculate l(-5).
23
Let j(s) = -4*s**2 - 4*s + 3. Determine j(-3).
-21
Let d(a) = 2422*a + 41173. What is d(-17)?
-1
Let m(j) = -38111*j + 9. Give m(0).
9
Let j(x) = -3780*x + 26573. Give j(7).
113
Let o(l) = 2*l**3 - 274*l**2 - 4895*l - 155. Calculate o(153).
-2
Let t(m) = -11*m**3 - 7*m**2 + m - 2. What is t(2)?
-116
Let u(r) = 735*r + 8078. Calculate u(-11).
-7
Let g(k) = -2*k - 6. Determine g(-21).
36
Let w(z) = -z**2 + 3*z + 54. Give w(13).
-76
Let b(h) = -2*h**2 + 10*h + 1518. What is b(-29)?
-454
Let v(r) = -3*r**2 + 1146*r - 26771. Give v(357).
4
Let s(k) = 177*k**2 + 1065*k + 15. Calculate s(-6).
-3
Let o(u) = u**3 + 13*u**2 + 30*u - 17. What is o(-10)?
-17
Let r(x) = 32*x + 203. Determine r(-6).
11
Let k(b) = -2*b**2 - 30*b - 46. Give k(-13).
6
Let u(l) = l**3 - 7*l**2 + 7*l - 95. Calculate u(8).
25
Let s(n) = -28*n - 142. What is s(-5)?
-2
Let u(d) = d**3 + 23*d**2 - 106*d + 34. What is u(-27)?
-20
Let x(v) = -2*v**2 + 17*v + 211. Calculate x(-6).
37
Let y(i) = 2*i**2 - 46*i - 162. What is y(-4)?
54
Let z(h) = -16*h + 3. Determine z(14).
-221
Let p(f) = -41*f**3 + 2*f**2 + 8*f + 6. Give p(-1).
41
Let f(q) = 240*q + 4808. What is f(-20)?
8
Let v(m) = -2*m**3 + 312*m**2 - 20*m + 3119. What is v(156)?
-1
Let z(d) = -2*d - 6. Determine z(-12).
18
Let o(b) = b**2 + 34*b + 62. Give o(-45).
557
Let r(y) = y**2 - 214*y + 1456. What is r(7)?
7
Let v(o) = -o**2 + 45*o - 222. Give v(25).
278
Let r(y) = y**3 - 16*y**2 - 439*y + 5871. Calculate r(12).
27
Let k(t) = -t**3 + 3*t**2 + 93*t - 429. Determine k(6).
21
Let v(g) = 13*g**3 + 209*g**2 - 203*g + 39. What is v(-17)?
22
Let h(i) = -2*i - 54. Calculate h(-26).
-2
Let w(i) = -7*i - 393. Calculate w(-18).
-267
Let p(o) = -o**2 - 1105*o + 4440. Give p(4).
4
Let s(i) = i**3 - 28*i**2 + 28*i + 13. What is s(27)?
40
Let w(a) = -2*a**3 + 65*a**2 - 85*a - 78. Give w(31).
170
Let t(v) = v**3 + 6*v**2 + v + 13. Determine t(-7).
-43
Let t(i) = 2*i**3 - 8*i**2 - 93*i - 11. Calculate t(-5).
4
Let a(x) = 2*x**3 + 21*x**2 - 31*x - 66. Determine a(-12).
-126
Let k(w) = -2*w**3 + 3*w**2 - 8*w - 20. Calculate k(-3).
85
Let k(f) = 2*f**3 + f**2 + 11*f + 30. Determine k(-4).
-126
Let c(o) = -o**3 - 7*o**2 + 21*o - 8. What is c(-10)?
82
Let o(y) = 771*y - 3808. Give o(5).
47
Let o(b) = b**3 - 29*b**2 + 101*b - 27. Determine o(25).
-2
Let d(s) = 2*s**3 + 36*s**2 - 39*s - 36. Calculate d(-19).
-17
Let w(q) = -5*q - 81. Calculate w(-11).
-26
Let u(l) = 116*l + 1322. What is u(-12)?
-70
Let m(f) = -26*f**2 - 77*f - 6. Determine m(-3).
-9
Let q(r) = -1425*r + 18516. Calculate q(13).
-9
Let i(v) = v**3 + 31*v**2 - 109*v - 240. Give i(-34).
-2
Let o(n) = -2*n**3 + 54*n**2 - 16*n - 65. Give o(27).
-497
Let r(y) = -21*y + 942. Determine r(-11).
1173
Let r(b) = 3537*b + 3. Calculate r(0).
3
Let z(w) = -36*w + 176. Calculate z(4).
32
Let l(h) = 2*h**3 - h**2 + 2*h. Give l(-4).
-152
Let a(o) = -119*o + 2249. Determine a(19).
-12
Let m(p) = p**3 - 22*p**2 - 196*p - 53. Calculate m(29).
150
Let k(t) = -13*t**2 + 1675*t + 278. Determine k(129).
20
Let n(k) = -3*k**2 + 15*k + 2257. Give n(-25).
7
Let q(s) = -21*s - 202. What is q(-10)?
8
Let f(t) = -t**3 - 6*t**2 + 255*t + 173. Determine f(-19).
21
Let a(k) = k**3 + 17*k**2 - 37*k + 446. What is a(-20)?
-14
Let r(j) = -16*j**2 + 588*j + 149. What is r(37)?
1
Let u(z) = z**3 + 101*z**2 + 494*z + 1334. Give u(-96).
-10
Let w(f) = f**2 + 773*f - 19125. Calculate w(24).
3
Let x(f) = -557*f + 3184. Give x(5).
399
Let i(g) = 17*g**3 + 303*g**2 - 81*g - 497. Give i(-18).
-11
Let y(t) = 20*t + 9. Determine y(-8).
-151
Let h(o) = -48*o - 43. Determine h(-8).
341
Let l(n) = n**2 - 259*n + 6690. Give l(230).
20
Let l(i) = -2*i**2 - 127*i + 1262. Determine l(9).
-43
Let s(l) = 2*l**2 + 13229*l + 26457. What is s(-2)?
7
Let s(c) = 3*c**2 - 3*c - 120. Calculate s(-7).
48
Let z(i) = -2*i**2 + 34*i + 32. What is z(-1)?
-4
Let b(z) = -3*z**2 - 49*z - 13. Determine b(-21).
-307
Let x(y) = -11*y**2 + 19*y + 22. What is x(4)?
-78
Let d(u) = u**2 - 1619*u - 22862. Give d(-14).
0
Let p(j) = j**3 - 21*j**2 - 20*j - 37. Determine p(22).
7
Let y(r) = -57*r + 65. Give y(1).
8
Let b(h) = -2*h**3 + 10*h**2 + 58*h + 120. Give b(9).
-6
Let u(m) = 5*m**3 + 100*m**2 + 6*m + 99. Determine u(-20).
-21
Let q(x) = -2*x**2 + 63*x. Determine q(32).
-32
Let x(m) = -2*m**3 + 47*m**2 - 23*m - 4. What is x(23)?
-4
Let l(k) = -2*k**2 - 182*k + 409. Give l(-89).
765
Let q(k) = -259*k**2 - 6208*k + 188. Calculate q(-24).
-4
Let i(d) = -2*d**2 + 12*d - 23. Determine i(12).
-167
Let g(b) = -b**2 + 34*b + 2107. Give g(-32).
-5
Let l(j) = -2*j**2 - 154*j - 1802. Give l(-63).
-38
Let r(h) = -h**2 + 5*h + 74. Give r(5).
74
Let t(o) = -13*o**3 - 235*o**2 - 12*o + 104. Calculate t(-18).
-4
Let r(k) = 67*k - 2204. Give r(33).
7
Let c(l) = -5*l**2 - 41*l + 28. Calculate c(-9).
-8
Let i(d) = 4*d**3 - 98*d**2 - 52*d - 33. Determine i(25).
-83
Let q(o) = -13*o**2 + 18*o + 42. Calculate q(-2).
-46
Let j(t) = 8*t**2 + 36*t - 10. Determine j(-5).
10
Let p(f) = 2002*f + 2002. Give p(-1).
0
Let s(x) = -119*x + 2160. Give s(18).
18
Let g(t) = t**2 - 50*t - 570. What is g(59)?
-39
Let t(m) = -m**2 - 34*m - 243. Determine t(-21).
30
Let a(h) = 3*h**2 - 95*h + 647. Calculate a(23).
49
Let m(a) = 370*a + 12288. What is m(-33)?
78
Let y(b) = -b**3 - 56*b**2 - 57*b + 141. Determine y(-55).
251
Let p(r) = -76*r + 304. Determine p(6).
-152
Let l(a) = -a - 167. Determine l(-6).
-161
Let z(i) = -17*i**2 - 51*i + 11. What is z(-4)?
-57
Let k(g) = g**3 + 22*g**2 + 31*g - 26. What is k(-20)?
154
Let x(u) = 3*u**2 + 46*u - 570. Calculate x(8).
-10
Let b(k) = -12*k**2 + 27*k. What is b(1)?
15
Let h(x) = x**2 - 501*x - 2529. Calculate h(-5).
1
Let w(h) = h**3 + 4*h**2 - 55*h - 56. Determine w(-9).
34
Let k(i) = -5*i**2 - 7*i + 178. Give k(-5).
88
Let a(b) = 498*b**3 - 9*b**2 + 9*b + 1. Determine a(1).
499
Let r(k) = -3*k**2 + 16*k + 50. Determine r(5).
55
Let x(g) = -175*g + 1391. Determine x(8).
-9
Let p(s) = 3*s**3 - 62*s**2 - 23*s + 1260. Calculate p(20).
0
Let g(b) = 2*b**3 + b**2 - 6*b - 4. Determine g(-3).
-31
Let y(r) = 3*r**2 - 9*r + 66. Give y(10).
276
Let c(m) = -5*m + 208. Determine c(6).
178
Let d(f) = 13*f - 82. Give d(7).
9
Let r(p) = 3*p**3 + 8*p**2 - 28*p - 7. Determine r(-5).
-42
Let b(j) = -12*j**2 + 1246*j + 188. Give b(104).
-20
Let t(z) = -z**2 + 12888*z + 51568. Determine t(-4).
0
Let t(r) = 9*r - 16. Give t(4).
20
Let c(o) = -o**3 - 40*o**2 - 116*o - 3096. What is c(-39)?
-93
Let c(z) = -z**3 - 46*z**2 - 45*z + 3. Calculate c(-45).
3
Let t(y) = 1806*y + 19857. Determine t(-11).
-9
Let b(s) = -s**3 - 5*s**2 + 86*s + 43. Calculate b(-12).
19
Let t(g) = g**3 + 6*g**2 - 47*g - 13. Calculate t(6).
137
Let n(i) = 77*i + 1835. Give n(-23).
64
Let o(k) = 35*k - 4. Determine o(5).
171
Let g(o) = o**3 + 14*o**2 + 30*o - 1. Give g(-11).
32
Let g(z) = -126*z - 5662. Determine g(-45).
8
Let c(o) = 10*o + 95. Calculate c(-11).
-15
Let i(z) = -z**2 - 20*z + 24. Calculate i(1).
3
Let y(i) = i**3 - 31*i**2 + 97*i - 1991. Determine y(30).
19
Let l(o) = 2*o**2 - 18*o - 190. D